f k.
2, 19
Let m be 6/(-6) + (0 - -1) + 144. Suppose -m = -x + 39. List the prime factors of x.
3, 61
Suppose k + 2*k = 0. Suppose k = -3*s + 184 - 55. List the prime factors of s.
43
Suppose -8*h = -6 + 30. What are the prime factors of 113 + 9 + 0/h?
2, 61
Suppose -19 = -3*p + 2*h, -3*h - 2*h = 4*p + 13. Let v(a) = 1 + a**2 - p + 12*a**2 + a. List the prime factors of v(1).
2, 3
Suppose -3*d + v - 4 = 0, 2*d + d - 2*v + 8 = 0. Suppose 5*s = 3*c - 35, d*c = 2*c - 3*s - 22. List the prime factors of (c - 6)/((-3)/27).
3
Let j(p) = 2*p**2 + 3*p - 1. Let m be j(-3). Suppose 0 = 5*n - m*n + 9. Suppose -2*b - n*b + 75 = 0. What are the prime factors of b?
3, 5
Suppose -5*u = -u + 3*j - 16, 4*u - 16 = -2*j. Suppose l + l = -u. List the prime factors of l/(-3) - (-40)/12.
2
Suppose 0 = 2*v - 4*a - 410, -6*a + 4*a - 790 = -4*v. What are the prime factors of v?
3, 5, 13
Let n = -19 + 18. Let c be (24/(-30))/(n/5). Suppose c*i = 48 + 28. List the prime factors of i.
19
Let a be (45/6)/(-1)*(-2)/1. Suppose l = 5*p + 149, -5*p + a - 333 = -2*l. What are the prime factors of l?
13
Let m = -916 + 1861. What are the prime factors of m?
3, 5, 7
What are the prime factors of 26/65 + 699/15?
47
Let u = -3 - -2. Let y be 0 + 1 + (-2 - u). Suppose -i + 6*i - 215 = y. What are the prime factors of i?
43
Suppose 4*g = 5*n - 1258, -2*n + 0*g + 4*g + 508 = 0. Suppose -341 = -3*h - 0*h - 4*z, 0 = -2*h + 3*z + n. Let a = -43 + h. List the prime factors of a.
2, 19
Let u be (-18)/8*(2 + 6). Let i(k) = -19*k - 28. List the prime factors of i(u).
2, 157
Suppose -4*c + 2*k + 6 + 8 = 0, 4*c = 3*k + 15. Suppose 0 = c*j + 2*l - 548 + 112, -2*j = 3*l - 294. Let i = j - 101. List the prime factors of i.
43
List the prime factors of -3 + 2 + 2 - -119.
2, 3, 5
Let z be ((-62)/3 - (-28)/42) + 3. Suppose -3*l - 135 = 2*l. Let i = z - l. List the prime factors of i.
2, 5
Let p(a) be the first derivative of -9*a**4/4 - a**3/3 - 2*a**2 + 26. What are the prime factors of p(-2)?
2, 19
Let o(m) = m**2 + 22*m + 1. Let p be o(-19). List the prime factors of -1 + 2 + p/(2/(-1)).
29
Let u = -541 + 998. Suppose -5*i + u = -138. List the prime factors of i.
7, 17
Let r(w) = -5*w - 48. Let n be r(-10). Suppose -134 = -p + n*a - 4*a, 2*p = -3*a + 263. List the prime factors of p.
2, 31
Let c(p) = 20*p**2 - 3*p + 4. Let o = 65 + -63. List the prime factors of c(o).
2, 3, 13
Suppose -5*f = -16182 - 1143. What are the prime factors of f?
3, 5, 7, 11
Let m(x) = -x**2 + 5*x - 1. Let d be m(4). Suppose -d*s + 4*s + 1 = -3*r, 2*s - 4*r - 28 = 0. What are the prime factors of s?
2
Let j = -39 - -58. Let f = -19 + j. Suppose 4*d - 35 - 89 = f. List the prime factors of d.
31
Let v(n) = 15*n**2 - 3*n + 3. Let m be v(-2). Let f = 197 - m. What are the prime factors of f?
2
Suppose -2*h + 1317 = l - 4*l, -3*h = 3*l - 1938. List the prime factors of h.
3, 7, 31
Let l(r) = r + 9. Let w be l(-13). Let d = 4 + w. Suppose -3*b + 2*b + 42 = d. What are the prime factors of b?
2, 3, 7
Let b be (-5)/(75/6) - 417/(-5). Suppose -33 - b = -n. What are the prime factors of n?
2, 29
Suppose -18 - 110 = -3*c - 5*s, -3*c - s = -148. Let l = 55 - c. List the prime factors of l.
2
Let n(k) be the first derivative of -19*k**2/2 + 3*k - 8. Let s be n(-7). Let b = s - 95. List the prime factors of b.
41
What are the prime factors of 10 - (-8 - 127) - (-4 + 2)?
3, 7
Let n(h) = h**2 + 9*h - 8. Let r be n(-8). Let i = r - -19. Suppose -i*c + p + 0*p + 19 = 0, -4*p = 3*c - 44. What are the prime factors of c?
2
Suppose 3*l = 5*n - 14, 0 = 3*n + 3*l - 7*l - 15. Let r(g) = 19*g**2 - g + 3. What are the prime factors of r(n)?
3, 7
Let s(m) = -m - 4. Suppose r = -2*d - 23, -2*r - 14 + 59 = -3*d. Let l be s(d). Let p(k) = k + 3. What are the prime factors of p(l)?
2, 3
Let g = -44 + 53. What are the prime factors of 6/(-5)*(-570)/g?
2, 19
Let f(a) = 9*a + 3. Let m be f(-4). Let w(x) = -x**3 + x - 47. Let i be w(0). Let g = m - i. What are the prime factors of g?
2, 7
List the prime factors of ((-6)/(-10))/(57/190)*2.
2
Suppose i = 5*n - 118, -n = 4*i - 9 - 2. Let j = n + -18. Suppose j*s + 2*s - 245 = 0. List the prime factors of s.
5, 7
Let f(s) = 196*s + 12. Let a be f(1). Suppose -769 = -11*r - a. What are the prime factors of r?
3, 17
Let r(z) = 55*z - 66. What are the prime factors of r(10)?
2, 11
Let n be (-1)/(2/(-6)) - -1. Suppose n*k - 646 = -102. What are the prime factors of k?
2, 17
What are the prime factors of (0/1)/(-1) + 1132?
2, 283
Let b = -24 - -24. Suppose -f - 2*f = b. Suppose -2*l + 4*l - 20 = f. List the prime factors of l.
2, 5
Let c(z) = 4*z**3 - z**2 + 21*z - 6. List the prime factors of c(7).
2, 3, 61
Suppose -2*n + 10 = 2. Suppose 5*a + 168 = n*y + 58, 0 = -5*a - 4*y - 110. Let g = -18 - a. List the prime factors of g.
2
Suppose -10*y = -15*y + 3675. Let t be (-12)/(-9)*y/10. Let o = -28 + t. What are the prime factors of o?
2, 5, 7
Let v(h) = -87*h - 177. What are the prime factors of v(-5)?
2, 3, 43
Let s = 5 - 5. Suppose s = n - 5*z + 4 + 6, -2*n - 5*z + 10 = 0. Suppose -4*u + j + 63 + 30 = 0, -3*u + 5*j + 74 = n. What are the prime factors of u?
23
Suppose 0 = 5*k - 877 - 1543. What are the prime factors of k?
2, 11
Let v be (-3 + 2/1)*-4. Suppose 3*b - x = 6*b - 10, v*b = 3*x + 22. Suppose b*f = -0*f + 44. What are the prime factors of f?
11
Let q = -442 + 1225. What are the prime factors of q?
3, 29
What are the prime factors of (18/15)/(5483/1370 - 4)?
2, 137
Let x(r) = 17*r**2 - 3*r - 29. List the prime factors of x(-6).
601
Let y be (15/45)/((-2)/(-60)). Suppose -y*v = -4*v - 42. Suppose -x - v = -51. List the prime factors of x.
2, 11
Let s(n) = 9 - 4 + 6 + 4*n - 5*n. Let f be 111/12 + (-4)/16. What are the prime factors of s(f)?
2
Let m = 9 - 7. Let t be 1*(34 + (m - 3)). Suppose 4*r = d - 13, d + 0*r + r - t = 0. What are the prime factors of d?
29
Let h(v) = -3*v - 3. Let o be h(-2). Suppose -65 - 175 = -o*f. What are the prime factors of f?
2, 5
Suppose 5*v = 1264 + 661. List the prime factors of v.
5, 7, 11
Let y = 17 - -39. Suppose y = o + 19. What are the prime factors of o?
37
Let c = -29 + 52. Let m(k) = -k**2 - 13*k + 55. Let l be m(-13). Let u = l - c. List the prime factors of u.
2
Suppose -4*a = -2*p - 16, -7*p - 2*a = -3*p - 8. Suppose 4*f + 0*l - 4*l = 52, -3*f - l + 31 = p. List the prime factors of f.
11
Let a(n) = 327*n + 23. What are the prime factors of a(4)?
11
Suppose -3*o - 3*w = 1 - 4, -1 = 3*o + 5*w. Suppose u - o = 15. List the prime factors of 2*2*63/u.
2, 7
Suppose 0 = -0*z + 2*z - 4. Suppose -7 = -3*b + z*k, 3*k = 4*b - 5 - 4. Suppose b + 2 = s. List the prime factors of s.
5
Let h be 4 + -7 + 3 + -3. What are the prime factors of 9*8/h*-2?
2, 3
Suppose 0 = 5*s + 4*m, 2*s + 17 = -5*m - 0*m. Let l(n) = n**3 - 10*n**2 + 2*n - 3. Let u be l(10). Let b = s + u. List the prime factors of b.
3, 7
Let z(x) = 13*x + 4*x**2 - 21 + 37 - 15. List the prime factors of z(-7).
2, 53
Let g(j) = j**3 + 14*j**2 - j - 5. Let r be g(-14). Let n = -33 - r. Let x = 8 - n. What are the prime factors of x?
2, 5
Suppose 3*b - 3*v = 1002, -2*b + 3*v + 660 = 5*v. List the prime factors of b.
2, 83
What are the prime factors of (2 - 64/(-24))/((-4)/(-3870))?
3, 5, 7, 43
Let o = -373 - -534. What are the prime factors of o?
7, 23
Suppose -12*j = -79 - 89. Suppose j*y + 186 = 15*y. What are the prime factors of y?
2, 3, 31
Suppose -2*w + 8311 = 2*w + k, -w = -k - 2084. What are the prime factors of w?
3, 7, 11
Suppose -7*n = -12*n. Suppose n = -0*t - t + 66. List the prime factors of t.
2, 3, 11
Let z be (-32 + -2 - 4)*1/(-2). Let l = z + -9. What are the prime factors of l?
2, 5
Let k(s) = 39*s - 10. Let j(v) be the first derivative of -20*v**2 + 11*v + 9. Let z(i) = 3*j(i) + 4*k(i). List the prime factors of z(2).
5, 13
Let z be (-3)/1 - 88/(-3)*3. Let t = z - 17. List the prime factors of t.
2, 17
Suppose -2*m + 2015 = -4*y - 1411, -16 = 4*y. List the prime factors of m.
5, 11, 31
List the prime factors of (-12)/(-84) + (-2)/(14/(-6173)).
2, 3, 7
Let w(b) = b**3 + b**2 + b + 8. Suppose -5*d + 4 = -3*d. Let r = d - 2. What are the prime factors of w(r)?
2
Let a = 5 + 9. Let d be (-670)/(-14) - (-2)/a. Suppose 6*w = 3*w + d. List the prime factors of w.
2
Let v be 2246/(-30) + (-4)/30. Let 